e of 1114?
False
Is 615 a factor of 12821788?
False
Is 33 a factor of 3689?
False
Is 259318 a multiple of 17?
True
Does 74 divide 184778?
True
Is 26 a factor of 157016?
False
Does 43 divide 289734?
True
Does 11 divide 81668?
False
Is 8 a factor of 103112?
True
Is 21 a factor of 1747326?
True
Does 145 divide 4557640?
True
Is 35 a factor of 19036?
False
Is 8149680 a multiple of 1176?
True
Does 370 divide 2686764?
False
Is 735516 a multiple of 75?
False
Is 2674675 a multiple of 10?
False
Is 8 a factor of 76902?
False
Does 183 divide 5162138?
False
Does 67 divide 13817544?
True
Does 4 divide 452523?
False
Does 1657 divide 11716446?
False
Is 21916 a multiple of 5?
False
Is 46294 a multiple of 287?
False
Is 13 a factor of 596438?
False
Does 245 divide 8248905?
True
Is 2353391 a multiple of 15?
False
Is 37 a factor of 37629?
True
Is 68922 a multiple of 18?
True
Is 2279354 a multiple of 884?
False
Is 693788 even?
True
Is 4 a factor of 27473?
False
Is 117 a factor of 208371?
False
Is 401 a factor of 970821?
True
Is 5726800 a multiple of 973?
False
Is 218586 a multiple of 51?
True
Is 17 a factor of 116365?
True
Is 294302 a multiple of 4?
False
Is 10 a factor of 31301?
False
Is 27290 a multiple of 43?
False
Is 67809 a multiple of 90?
False
Does 2 divide 26461?
False
Is 181 a factor of 78373?
True
Does 5 divide 4738970?
True
Is 66058 a multiple of 59?
False
Is 98491 a multiple of 6?
False
Does 244 divide 374195?
False
Is 73 a factor of 24029483?
True
Is 247719 a multiple of 213?
True
Is 154 a factor of 4838372?
True
Is 191036 a multiple of 326?
True
Is 49 a factor of 2069025?
True
Is 250233 a multiple of 374?
False
Does 13 divide 48710?
False
Does 106 divide 33496?
True
Is 940800 a multiple of 70?
True
Is 439164 a multiple of 66?
True
Is 4 a factor of 110880?
True
Is 1769394 a multiple of 17?
True
Is 16220 a multiple of 238?
False
Does 38 divide 1713925?
False
Is 11 a factor of 202696?
False
Is 26263521 a multiple of 1377?
True
Does 377 divide 507442?
True
Is 33432 a multiple of 42?
True
Does 15 divide 2147591?
False
Does 680 divide 9207880?
True
Is 62 a factor of 107321?
False
Is 57937 a multiple of 23?
True
Does 156 divide 740220?
True
Is 8 a factor of 1791611?
False
Does 182 divide 5381376?
True
Is 426 a factor of 529418?
False
Is 588 a factor of 55220?
False
Is 18 a factor of 232218?
True
Is 496 a factor of 382416?
True
Is 159274 a multiple of 129?
False
Is 8 a factor of 79536?
True
Does 49 divide 47978?
False
Is 13 a factor of 247446?
False
Does 7 divide 1339607?
False
Is 2083972 a multiple of 129?
False
Does 294 divide 25518?
False
Is 120793 a multiple of 199?
True
Is 749624 a multiple of 3?
False
Does 41 divide 35966?
False
Is 339 a factor of 2627229?
False
Does 104 divide 4160154?
False
Is 30 a factor of 103952?
False
Does 830 divide 8479280?
True
Is 152 a factor of 991040?
True
Is 749663 a multiple of 134?
False
Does 37 divide 175074?
False
Does 793 divide 3210972?
False
Does 12 divide 267432?
True
Is 9216323 a multiple of 73?
True
Is 56 a factor of 552608?
True
Is 3227690 a multiple of 11?
False
Is 247 a factor of 843309?
False
Is 866391 a multiple of 14?
False
Does 19 divide 428963?
True
Is 85 a factor of 101729?
False
Is 28916 a multiple of 39?
False
Is 106938 a multiple of 13?
True
Is 60187 a multiple of 8?
False
Is 150 a factor of 652050?
True
Is 15099431 a multiple of 211?
False
Is 4143632 a multiple of 55?
False
Is 15 a factor of 176209?
False
Is 544768 a multiple of 512?
True
Is 560670 a multiple of 154?
False
Is 163 a factor of 449?
False
Is 345184 a multiple of 1288?
True
Is 1915592 a multiple of 14?
True
Does 128 divide 306176?
True
Is 2389050 a multiple of 150?
True
Is 12 a factor of 2728788?
True
Is 46 a factor of 277949?
False
Is 925 a factor of 3546438?
False
Is 18 a factor of 1029456?
True
Is 9994414 a multiple of 215?
False
Does 140 divide 2809380?
True
Is 27696 a multiple of 5?
False
Is 31 a factor of 2262163?
True
Does 197 divide 389900?
False
Is 620 a factor of 242295?
False
Does 9 divide 299562?
False
Is 18 a factor of 292424?
False
Does 61 divide 162365?
False
Does 58 divide 1215042?
True
Is 23 a factor of 138785?
False
Is 3063720 a multiple of 633?
True
Does 13 divide 224042?
True
Does 134 divide 5911249?
False
Does 17 divide 54009?
True
Is 3428100 a multiple of 390?
True
Does 9 divide 6879776?
False
Does 155 divide 14895035?
True
Is 221 a factor of 112931?
True
Is 19844 a multiple of 7?
False
Is 4 a factor of 879000?
True
Does 28 divide 1820?
True
Does 23 divide 7503?
False
Does 19 divide 13389?
False
Is 40 a factor of 134283?
False
Does 61 divide 5197078?
True
Is 40338 a multiple of 6?
True
Does 9 divide 9013902?
False
Does 229 divide 146169?
False
Is 23210 a multiple of 95?
False
Is 1078701 a multiple of 12?
False
Does 350 divide 380800?
True
Is 1154285 a multiple of 203?
False
Does 441 divide 5430474?
True
Is 508 a factor of 11496548?
True
Is 773784 a multiple of 15?
False
Does 45 divide 226283?
False
Is 799 a factor of 1049886?
True
Is 629 a factor of 1144019?
False
Does 3 divide 9021?
True
Is 25 a factor of 627300?
True
Is 49869 a multiple of 27?
True
Does 29 divide 153874?
True
Does 58 divide 352002?
True
Is 123 a factor of 160095?
False
Is 230 a factor of 81190?
True
Is 1383 a factor of 4143468?
True
Is 793991 a multiple of 131?
True
Is 132 a factor of 5778727?
False
Is 14 a factor of 1840860?
True
Does 195 divide 76050?
True
Is 115270 a multiple of 103?
False
Is 20 a factor of 17436?
False
Does 3 divide 11311?
False
Is 96 a factor of 169632?
True
Does 7 divide 130239?
False
Is 294 a factor of 3251934?
True
Is 423 a factor of 324864?
True
Is 30 a factor of 214376?
False
Is 243 a factor of 501552?
True
Is 406341 a multiple of 453?
True
Does 22 divide 6515300?
True
Does 35 divide 1241030?
True
Is 183 a factor of 1383798?
False
Does 611 divide 1136585?
False
Is 15145 a multiple of 74?
False
Is 105644 a multiple of 343?
True
Is 61213 a multiple of 3?
False
Is 164810 a multiple of 18?
False
Is 47239 a multiple of 487?
True
Is 4481 even?
False
Is 43 a factor of 172516?
True
Is 42754 a multiple of 48?
False
Is 2032872 a multiple of 71?
True
Is 1198944 a multiple of 18?
True
Is 24 a factor of 4247544?
True
Is 4212 a multiple of 351?
True
Is 282 a factor of 359550?
True
Is 10 a factor of 707855?
False
Is 134445 a multiple of 15?
True
Does 69 divide 15732?
True
Is 299 a factor of 467337?
True
Is 873931 a multiple of 78?
False
Is 17 a factor of 458364?
False
Is 2020280 a multiple of 68?
True
Does 832 divide 681408?
True
Is 962379 a multiple of 9?
True
Is 206940 a multiple of 40?
False
Is 331500 a multiple of 221?
True
Is 113 a factor of 100543?
False
Is 111690 a multiple of 5?
True
Is 3136616 a multiple of 8?
True
Does 102 divide 6217104?
True
Is 1666654 a multiple of 97?
True
Is 18 a factor of 676422?
True
Is 20 a factor of 2103658?
False
Does 11 divide 313786?
True
Is 508764 a multiple of 2?
True
Is 116 a factor of 436673?
False
Is 1350 a factor of 7037422?
False
Does 34 divide 1268219?
False
Is 21948 a multiple of 236?
True
Does 351 divide 10727682?
False
Is 19 a factor of 115482?
True
Is 3667048 a multiple of 308?
True
Does 115 divide 219880?
True
Does 19 divide 305462?
False
Does 10 divide 949205?
False
Is 127 a factor of 513807?
False
Does 84 divide 561624?
True
Is 9164133 a multiple of 33?
True
Is 112959 a multiple of 46?
False
Is 3676350 a multiple of 150?
True
Is 40 a factor of 2476160?
True
Is 1430189 a multiple of 109?
True
Is 57 a factor of 3468336?
True
Is 11 a factor of 455235?
True
Is 74 a factor of 2583784?
True
Is 15 a factor of 3345720?
True
Does 937 divide 6486851?
True
Is 7748915 a multiple of 5?
True
Is 724 a factor of 14501720?
True
Does 318 divide 263940?
True
Does 376 divide 6639408?
True
Does 37 divide 137160?
False
Does 260 divide 16320200?
True
Is 378 a factor of 307314?
True
Does 45 divide 2130252?
False
Is 69 a factor of 63914?
False
Is 9025 a multiple of 11?
False
Does 21 divide 67746?
True
Is 68 a factor of 158303?
False
Does 8 divide 119786?
False
Does 1046 divide 15326282?
False
Is 770106 a multiple of 9?
False
Is 14 a factor of 5231490?
False
Is 77 a factor of 367936?
False
Is 221820 a multiple of 6?
True
Is 11 a factor of 111378?
False
Is 3230262 a multiple of 63?
True
Does 161 divide 31